Last updated on 2025-07-04 08:49:50 CEST.
Flavor | Version | Tinstall | Tcheck | Ttotal | Status | Flags |
---|---|---|---|---|---|---|
r-devel-linux-x86_64-debian-clang | 0.1.0 | 5.63 | 55.20 | 60.83 | OK | |
r-devel-linux-x86_64-debian-gcc | 0.1.0 | 3.53 | 38.88 | 42.41 | OK | |
r-devel-linux-x86_64-fedora-clang | 0.1.0 | 88.80 | OK | |||
r-devel-linux-x86_64-fedora-gcc | 0.1.0 | 89.18 | OK | |||
r-devel-windows-x86_64 | 0.1.0 | 7.00 | 66.00 | 73.00 | OK | |
r-patched-linux-x86_64 | 0.1.0 | 5.69 | 48.89 | 54.58 | OK | |
r-release-linux-x86_64 | 0.1.0 | 4.16 | 47.65 | 51.81 | OK | |
r-release-macos-arm64 | 0.1.0 | 28.00 | OK | |||
r-release-macos-x86_64 | 0.1.0 | 77.00 | OK | |||
r-release-windows-x86_64 | 0.1.0 | 9.00 | 66.00 | 75.00 | OK | |
r-oldrel-macos-arm64 | 0.1.0 | 25.00 | NOTE | |||
r-oldrel-macos-x86_64 | 0.1.0 | 38.00 | NOTE | |||
r-oldrel-windows-x86_64 | 0.1.0 | 9.00 | 80.00 | 89.00 | NOTE |
Version: 0.1.0
Check: LazyData
Result: NOTE
'LazyData' is specified without a 'data' directory
Flavors: r-oldrel-macos-arm64, r-oldrel-macos-x86_64, r-oldrel-windows-x86_64