CRAN Package Check Results for Package rtype

Last updated on 2025-07-04 08:49:49 CEST.

Flavor Version Tinstall Tcheck Ttotal Status Flags
r-devel-linux-x86_64-debian-clang 0.1-1 1.76 20.86 22.62 NOTE
r-devel-linux-x86_64-debian-gcc 0.1-1 1.40 17.34 18.74 NOTE
r-devel-linux-x86_64-fedora-clang 0.1-1 32.28 OK
r-devel-linux-x86_64-fedora-gcc 0.1-1 33.14 OK
r-devel-windows-x86_64 0.1-1 3.00 45.00 48.00 OK
r-patched-linux-x86_64 0.1-1 1.76 18.46 20.22 OK
r-release-linux-x86_64 0.1-1 1.71 18.40 20.11 OK
r-release-macos-arm64 0.1-1 20.00 OK
r-release-macos-x86_64 0.1-1 26.00 OK
r-release-windows-x86_64 0.1-1 3.00 46.00 49.00 OK
r-oldrel-macos-arm64 0.1-1 16.00 OK
r-oldrel-macos-x86_64 0.1-1 21.00 OK
r-oldrel-windows-x86_64 0.1-1 2.00 46.00 48.00 OK

Check Details

Version: 0.1-1
Check: CRAN incoming feasibility
Result: NOTE Maintainer: ‘Kun Ren <ken@renkun.me>’ No Authors@R field in DESCRIPTION. Please add one, modifying Authors@R: person(given = "Kun", family = "Ren", role = c("aut", "cre"), email = "ken@renkun.me") as necessary. Flavors: r-devel-linux-x86_64-debian-clang, r-devel-linux-x86_64-debian-gcc