Last updated on 2025-07-04 16:50:25 CEST.
Flavor | Version | Tinstall | Tcheck | Ttotal | Status | Flags |
---|---|---|---|---|---|---|
r-devel-linux-x86_64-debian-clang | 0.6.0 | 4.87 | 66.29 | 71.16 | NOTE | |
r-devel-linux-x86_64-debian-gcc | 0.6.0 | 3.07 | 46.78 | 49.85 | NOTE | |
r-devel-linux-x86_64-fedora-clang | 0.6.0 | 111.82 | OK | |||
r-devel-linux-x86_64-fedora-gcc | 0.6.0 | 106.93 | OK | |||
r-devel-windows-x86_64 | 0.6.0 | 6.00 | 77.00 | 83.00 | OK | |
r-patched-linux-x86_64 | 0.6.0 | 5.13 | 63.91 | 69.04 | OK | |
r-release-linux-x86_64 | 0.6.0 | 4.76 | 62.09 | 66.85 | OK | |
r-release-macos-arm64 | 0.6.0 | 34.00 | OK | |||
r-release-macos-x86_64 | 0.6.0 | 58.00 | OK | |||
r-release-windows-x86_64 | 0.6.0 | 6.00 | 79.00 | 85.00 | OK | |
r-oldrel-macos-arm64 | 0.6.0 | 32.00 | OK | |||
r-oldrel-macos-x86_64 | 0.6.0 | 49.00 | OK | |||
r-oldrel-windows-x86_64 | 0.6.0 | 8.00 | 95.00 | 103.00 | OK |
Version: 0.6.0
Check: CRAN incoming feasibility
Result: NOTE
Maintainer: ‘Amanda Rehbein <amanda.rehbein@usp.br>’
Package CITATION file contains call(s) to old-style personList() or
as.personList(). Please use c() on person objects instead.
Package CITATION file contains call(s) to old-style citEntry(). Please
use bibentry() instead.
Flavors: r-devel-linux-x86_64-debian-clang, r-devel-linux-x86_64-debian-gcc