Last updated on 2025-07-03 22:51:40 CEST.
Flavor | Version | Tinstall | Tcheck | Ttotal | Status | Flags |
---|---|---|---|---|---|---|
r-devel-linux-x86_64-debian-clang | 1.0.2 | 2.54 | 28.87 | 31.41 | NOTE | |
r-devel-linux-x86_64-debian-gcc | 1.0.2 | 2.08 | 22.57 | 24.65 | NOTE | |
r-devel-linux-x86_64-fedora-clang | 1.0.2 | 49.87 | OK | |||
r-devel-linux-x86_64-fedora-gcc | 1.0.2 | 44.60 | OK | |||
r-devel-windows-x86_64 | 1.0.2 | 3.00 | 55.00 | 58.00 | OK | |
r-patched-linux-x86_64 | 1.0.2 | 2.56 | 26.16 | 28.72 | OK | |
r-release-linux-x86_64 | 1.0.2 | 2.21 | 26.10 | 28.31 | OK | |
r-release-macos-arm64 | 1.0.2 | 22.00 | OK | |||
r-release-macos-x86_64 | 1.0.2 | 34.00 | OK | |||
r-release-windows-x86_64 | 1.0.2 | 4.00 | 61.00 | 65.00 | OK | |
r-oldrel-macos-arm64 | 1.0.2 | 21.00 | OK | |||
r-oldrel-macos-x86_64 | 1.0.2 | 27.00 | OK | |||
r-oldrel-windows-x86_64 | 1.0.2 | 3.00 | 61.00 | 64.00 | OK |
Version: 1.0.2
Check: CRAN incoming feasibility
Result: NOTE
Maintainer: ‘Gábor Csárdi <csardi.gabor@gmail.com>’
No Authors@R field in DESCRIPTION.
Please add one, modifying
Authors@R: person(given = "Gábor",
family = "Csárdi",
role = c("aut", "cre"),
email = "csardi.gabor@gmail.com")
as necessary.
Flavors: r-devel-linux-x86_64-debian-clang, r-devel-linux-x86_64-debian-gcc