CRAN Package Check Results for Package epos

Last updated on 2025-07-03 13:48:33 CEST.

Flavor Version Tinstall Tcheck Ttotal Status Flags
r-devel-linux-x86_64-debian-clang 1.1 7.12 71.92 79.04 NOTE
r-devel-linux-x86_64-debian-gcc 1.1 4.62 50.43 55.05 NOTE
r-devel-linux-x86_64-fedora-clang 1.1 117.63 NOTE
r-devel-linux-x86_64-fedora-gcc 1.1 113.17 NOTE
r-devel-windows-x86_64 1.1 8.00 93.00 101.00 OK
r-patched-linux-x86_64 1.1 7.63 65.37 73.00 OK
r-release-linux-x86_64 1.1 6.87 65.44 72.31 OK
r-release-macos-arm64 1.1 35.00 OK
r-release-macos-x86_64 1.1 61.00 OK
r-release-windows-x86_64 1.1 11.00 93.00 104.00 OK
r-oldrel-macos-arm64 1.1 32.00 OK
r-oldrel-macos-x86_64 1.1 50.00 OK
r-oldrel-windows-x86_64 1.1 11.00 117.00 128.00 OK

Check Details

Version: 1.1
Check: CRAN incoming feasibility
Result: NOTE Maintainer: ‘Bernd Mueller <bernd.mueller@zbmed.de>’ No Authors@R field in DESCRIPTION. Please add one, modifying Authors@R: person(given = "Bernd", family = "Mueller", role = c("aut", "cre"), email = "bernd.mueller@zbmed.de") as necessary. Flavors: r-devel-linux-x86_64-debian-clang, r-devel-linux-x86_64-debian-gcc

Version: 1.1
Check: dependencies in R code
Result: NOTE Namespace in Imports field not imported from: ‘testthat’ All declared Imports should be used. Flavors: r-devel-linux-x86_64-fedora-clang, r-devel-linux-x86_64-fedora-gcc