Last updated on 2024-06-28 09:52:18 CEST.
Flavor | Version | Tinstall | Tcheck | Ttotal | Status | Flags |
---|---|---|---|---|---|---|
r-devel-linux-x86_64-debian-clang | 0.21 | NOTE | ||||
r-devel-linux-x86_64-debian-gcc | 0.21 | 1.76 | 20.14 | 21.90 | NOTE | |
r-devel-linux-x86_64-fedora-clang | 0.21 | 38.44 | NOTE | |||
r-devel-linux-x86_64-fedora-gcc | 0.21 | 49.42 | NOTE | |||
r-devel-windows-x86_64 | 0.21 | 3.00 | 42.00 | 45.00 | NOTE | |
r-patched-linux-x86_64 | 0.21 | 1.47 | 25.02 | 26.49 | NOTE | |
r-release-linux-x86_64 | 0.21 | 2.11 | 25.36 | 27.47 | NOTE | |
r-release-macos-arm64 | 0.21 | 21.00 | NOTE | |||
r-release-macos-x86_64 | 0.21 | 32.00 | NOTE | |||
r-release-windows-x86_64 | 0.21 | 3.00 | 42.00 | 45.00 | NOTE | |
r-oldrel-macos-arm64 | 0.21 | 23.00 | NOTE | |||
r-oldrel-macos-x86_64 | 0.21 | 39.00 | NOTE | |||
r-oldrel-windows-x86_64 | 0.21 | 3.00 | 42.00 | 45.00 | NOTE |
Version: 0.21
Check: LazyData
Result: NOTE
'LazyData' is specified without a 'data' directory
Flavors: r-devel-linux-x86_64-debian-clang, r-devel-linux-x86_64-debian-gcc, r-devel-linux-x86_64-fedora-clang, r-devel-linux-x86_64-fedora-gcc, r-devel-windows-x86_64, r-patched-linux-x86_64, r-release-linux-x86_64, r-release-macos-arm64, r-release-macos-x86_64, r-release-windows-x86_64, r-oldrel-macos-arm64, r-oldrel-macos-x86_64, r-oldrel-windows-x86_64