Last updated on 2024-06-28 09:52:13 CEST.
Flavor | Version | Tinstall | Tcheck | Ttotal | Status | Flags |
---|---|---|---|---|---|---|
r-devel-linux-x86_64-debian-clang | 1.0.7 | OK | ||||
r-devel-linux-x86_64-debian-gcc | 1.0.7 | 9.81 | 244.31 | 254.12 | OK | |
r-devel-linux-x86_64-fedora-clang | 1.0.7 | 404.98 | NOTE | |||
r-devel-linux-x86_64-fedora-gcc | 1.0.7 | 408.50 | OK | |||
r-devel-windows-x86_64 | 1.0.7 | 13.00 | 270.00 | 283.00 | NOTE | |
r-patched-linux-x86_64 | 1.0.7 | 12.85 | 312.42 | 325.27 | OK | |
r-release-linux-x86_64 | 1.0.7 | 11.79 | 318.18 | 329.97 | OK | |
r-release-macos-arm64 | 1.0.7 | 131.00 | NOTE | |||
r-release-macos-x86_64 | 1.0.7 | 263.00 | NOTE | |||
r-release-windows-x86_64 | 1.0.7 | 15.00 | 275.00 | 290.00 | NOTE | |
r-oldrel-macos-arm64 | 1.0.7 | 134.00 | NOTE | |||
r-oldrel-macos-x86_64 | 1.0.7 | 349.00 | NOTE | |||
r-oldrel-windows-x86_64 | 1.0.7 | 16.00 | 323.00 | 339.00 | NOTE |
Version: 1.0.7
Check: installed package size
Result: NOTE
installed size is 5.3Mb
sub-directories of 1Mb or more:
R 1.3Mb
extdata 3.1Mb
Flavors: r-devel-linux-x86_64-fedora-clang, r-devel-windows-x86_64, r-release-macos-arm64, r-release-macos-x86_64, r-release-windows-x86_64, r-oldrel-macos-arm64, r-oldrel-macos-x86_64, r-oldrel-windows-x86_64