Last updated on 2024-06-28 09:52:11 CEST.
Flavor | Version | Tinstall | Tcheck | Ttotal | Status | Flags |
---|---|---|---|---|---|---|
r-devel-linux-x86_64-debian-clang | 0.0.5 | OK | ||||
r-devel-linux-x86_64-debian-gcc | 0.0.5 | 2.97 | 73.76 | 76.73 | OK | |
r-devel-linux-x86_64-fedora-clang | 0.0.5 | 128.70 | NOTE | |||
r-devel-linux-x86_64-fedora-gcc | 0.0.5 | 134.10 | NOTE | |||
r-devel-windows-x86_64 | 0.0.5 | 6.00 | 94.00 | 100.00 | OK | |
r-patched-linux-x86_64 | 0.0.5 | 3.03 | 95.64 | 98.67 | OK | |
r-release-linux-x86_64 | 0.0.5 | 4.30 | 95.65 | 99.95 | OK | |
r-release-macos-arm64 | 0.0.5 | 52.00 | OK | |||
r-release-macos-x86_64 | 0.0.5 | 82.00 | OK | |||
r-release-windows-x86_64 | 0.0.5 | 6.00 | 93.00 | 99.00 | OK | |
r-oldrel-macos-arm64 | 0.0.5 | 53.00 | OK | |||
r-oldrel-macos-x86_64 | 0.0.5 | 84.00 | OK | |||
r-oldrel-windows-x86_64 | 0.0.5 | 7.00 | 113.00 | 120.00 | OK |
Version: 0.0.5
Check: data for non-ASCII characters
Result: NOTE
Note: found 1 marked UTF-8 string
Flavors: r-devel-linux-x86_64-fedora-clang, r-devel-linux-x86_64-fedora-gcc