Last updated on 2024-06-28 09:52:11 CEST.
Flavor | Version | Tinstall | Tcheck | Ttotal | Status | Flags |
---|---|---|---|---|---|---|
r-devel-linux-x86_64-debian-clang | 0.1.0 | OK | ||||
r-devel-linux-x86_64-debian-gcc | 0.1.0 | 4.58 | 106.85 | 111.43 | OK | |
r-devel-linux-x86_64-fedora-clang | 0.1.0 | 185.52 | OK | |||
r-devel-linux-x86_64-fedora-gcc | 0.1.0 | 192.48 | OK | |||
r-devel-windows-x86_64 | 0.1.0 | 6.00 | 143.00 | 149.00 | OK | |
r-patched-linux-x86_64 | 0.1.0 | 6.41 | 139.34 | 145.75 | OK | |
r-release-linux-x86_64 | 0.1.0 | 5.73 | 139.86 | 145.59 | OK | |
r-release-macos-arm64 | 0.1.0 | 73.00 | ERROR | |||
r-release-macos-x86_64 | 0.1.0 | 97.00 | OK | |||
r-release-windows-x86_64 | 0.1.0 | 8.00 | 144.00 | 152.00 | OK | |
r-oldrel-macos-arm64 | 0.1.0 | 100.00 | NOTE | |||
r-oldrel-macos-x86_64 | 0.1.0 | 145.00 | OK | |||
r-oldrel-windows-x86_64 | 0.1.0 | 9.00 | 164.00 | 173.00 | ERROR |
Version: 0.1.0
Check: re-building of vignette outputs
Result: ERROR
Error(s) in re-building vignettes:
...
--- re-building ‘sim.BA.Rmd’ using rmarkdown
File images/dag.png not found in resource path
Error: processing vignette 'sim.BA.Rmd' failed with diagnostics:
pandoc document conversion failed with error 99
--- failed re-building ‘sim.BA.Rmd’
SUMMARY: processing the following file failed:
‘sim.BA.Rmd’
Error: Vignette re-building failed.
Execution halted
Flavor: r-release-macos-arm64
Version: 0.1.0
Check: re-building of vignette outputs
Result: NOTE
Error(s) in re-building vignettes:
...
--- re-building ‘sim.BA.Rmd’ using rmarkdown
File images/dag.png not found in resource path
Error: processing vignette 'sim.BA.Rmd' failed with diagnostics:
pandoc document conversion failed with error 99
--- failed re-building ‘sim.BA.Rmd’
SUMMARY: processing the following file failed:
‘sim.BA.Rmd’
Error: Vignette re-building failed.
Execution halted
Flavor: r-oldrel-macos-arm64
Version: 0.1.0
Check: re-building of vignette outputs
Result: ERROR
Error(s) in re-building vignettes:
--- re-building 'sim.BA.Rmd' using rmarkdown
File images/dag.png not found in resource path
Error: processing vignette 'sim.BA.Rmd' failed with diagnostics:
pandoc document conversion failed with error 99
--- failed re-building 'sim.BA.Rmd'
SUMMARY: processing the following file failed:
'sim.BA.Rmd'
Error: Vignette re-building failed.
Execution halted
Flavor: r-oldrel-windows-x86_64