Last updated on 2024-06-28 09:52:07 CEST.
Flavor | Version | Tinstall | Tcheck | Ttotal | Status | Flags |
---|---|---|---|---|---|---|
r-devel-linux-x86_64-debian-clang | 0.1.3 | OK | ||||
r-devel-linux-x86_64-debian-gcc | 0.1.3 | 48.23 | 364.54 | 412.77 | OK | |
r-devel-linux-x86_64-fedora-clang | 0.1.3 | 717.96 | OK | |||
r-devel-linux-x86_64-fedora-gcc | 0.1.3 | 698.24 | OK | |||
r-devel-windows-x86_64 | 0.1.3 | 53.00 | 321.00 | 374.00 | OK | |
r-patched-linux-x86_64 | 0.1.3 | 43.88 | 467.43 | 511.31 | OK | |
r-release-linux-x86_64 | 0.1.3 | 37.30 | 468.45 | 505.75 | OK | |
r-release-macos-arm64 | 0.1.3 | 180.00 | OK | |||
r-release-macos-x86_64 | 0.1.3 | 278.00 | OK | |||
r-release-windows-x86_64 | 0.1.3 | 52.00 | 321.00 | 373.00 | OK | |
r-oldrel-macos-arm64 | 0.1.3 | 10.00 | ERROR | |||
r-oldrel-macos-x86_64 | 0.1.3 | 11.00 | ERROR | |||
r-oldrel-windows-x86_64 | 0.1.3 | 67.00 | 425.00 | 492.00 | OK |
Version: 0.1.3
Check: package dependencies
Result: ERROR
Package required but not available: ‘GSVA’
See section ‘The DESCRIPTION file’ in the ‘Writing R Extensions’
manual.
Flavors: r-oldrel-macos-arm64, r-oldrel-macos-x86_64