Last updated on 2024-06-28 09:52:04 CEST.
Flavor | Version | Tinstall | Tcheck | Ttotal | Status | Flags |
---|---|---|---|---|---|---|
r-devel-linux-x86_64-debian-clang | 2.0 | OK | ||||
r-devel-linux-x86_64-debian-gcc | 2.0 | 3.70 | 37.15 | 40.85 | OK | |
r-devel-linux-x86_64-fedora-clang | 2.0 | 69.31 | NOTE | |||
r-devel-linux-x86_64-fedora-gcc | 2.0 | 77.55 | NOTE | |||
r-devel-windows-x86_64 | 2.0 | 7.00 | 68.00 | 75.00 | OK | |
r-patched-linux-x86_64 | 2.0 | 5.73 | 45.75 | 51.48 | OK | |
r-release-linux-x86_64 | 2.0 | 5.12 | 46.67 | 51.79 | OK | |
r-release-macos-arm64 | 2.0 | 40.00 | OK | |||
r-release-macos-x86_64 | 2.0 | 52.00 | OK | |||
r-release-windows-x86_64 | 2.0 | 6.00 | 67.00 | 73.00 | OK | |
r-oldrel-macos-arm64 | 2.0 | 35.00 | OK | |||
r-oldrel-macos-x86_64 | 2.0 | 70.00 | OK | |||
r-oldrel-windows-x86_64 | 2.0 | 7.00 | 72.00 | 79.00 | OK |
Version: 2.0
Check: dependencies in R code
Result: NOTE
Namespaces in Imports field not imported from:
‘quickcode’ ‘utils’
All declared Imports should be used.
Flavors: r-devel-linux-x86_64-fedora-clang, r-devel-linux-x86_64-fedora-gcc