Last updated on 2024-06-28 09:52:03 CEST.
Flavor | Version | Tinstall | Tcheck | Ttotal | Status | Flags |
---|---|---|---|---|---|---|
r-devel-linux-x86_64-debian-clang | 1.2.0 | OK | ||||
r-devel-linux-x86_64-debian-gcc | 1.2.0 | 25.15 | 42.16 | 67.31 | OK | |
r-devel-linux-x86_64-fedora-clang | 1.2.0 | 125.74 | OK | |||
r-devel-linux-x86_64-fedora-gcc | 1.2.0 | 138.28 | OK | |||
r-devel-windows-x86_64 | 1.2.0 | 30.00 | 89.00 | 119.00 | OK | |
r-patched-linux-x86_64 | 1.2.0 | 32.55 | 54.58 | 87.13 | OK | |
r-release-linux-x86_64 | 1.2.0 | 26.91 | 54.61 | 81.52 | OK | |
r-release-macos-arm64 | 1.2.0 | 38.00 | NOTE | |||
r-release-macos-x86_64 | 1.2.0 | 59.00 | NOTE | |||
r-release-windows-x86_64 | 1.2.0 | 29.00 | 80.00 | 109.00 | OK | |
r-oldrel-macos-arm64 | 1.2.0 | 39.00 | NOTE | |||
r-oldrel-macos-x86_64 | 1.2.0 | 62.00 | NOTE | |||
r-oldrel-windows-x86_64 | 1.2.0 | 36.00 | 95.00 | 131.00 | OK |
Version: 1.2.0
Check: installed package size
Result: NOTE
installed size is 5.4Mb
sub-directories of 1Mb or more:
doc 2.4Mb
extdata 1.2Mb
libs 1.6Mb
Flavors: r-release-macos-arm64, r-release-macos-x86_64, r-oldrel-macos-arm64, r-oldrel-macos-x86_64