Last updated on 2024-06-28 09:52:03 CEST.
Flavor | Version | Tinstall | Tcheck | Ttotal | Status | Flags |
---|---|---|---|---|---|---|
r-devel-linux-x86_64-debian-clang | 0.0.1 | NOTE | ||||
r-devel-linux-x86_64-debian-gcc | 0.0.1 | 24.08 | 23.48 | 47.56 | NOTE | |
r-devel-linux-x86_64-fedora-clang | 0.0.1 | 95.37 | NOTE | |||
r-devel-linux-x86_64-fedora-gcc | 0.0.1 | 92.33 | NOTE | |||
r-devel-windows-x86_64 | 0.0.1 | 32.00 | 68.00 | 100.00 | NOTE | |
r-patched-linux-x86_64 | 0.0.1 | 28.93 | 30.32 | 59.25 | OK | |
r-release-linux-x86_64 | 0.0.1 | 28.74 | 30.21 | 58.95 | OK | |
r-release-macos-arm64 | 0.0.1 | 27.00 | OK | |||
r-release-macos-x86_64 | 0.0.1 | 36.00 | OK | |||
r-release-windows-x86_64 | 0.0.1 | 32.00 | 60.00 | 92.00 | OK | |
r-oldrel-macos-arm64 | 0.0.1 | 33.00 | OK | |||
r-oldrel-macos-x86_64 | 0.0.1 | 50.00 | OK | |||
r-oldrel-windows-x86_64 | 0.0.1 | 37.00 | 68.00 | 105.00 | OK |
Version: 0.0.1
Check: compiled code
Result: NOTE
File ‘minty/libs/minty.so’:
Found non-API calls to R: ‘SETLENGTH’, ‘SET_GROWABLE_BIT’,
‘SET_TRUELENGTH’
Compiled code should not call non-API entry points in R.
See ‘Writing portable packages’ in the ‘Writing R Extensions’ manual.
Flavors: r-devel-linux-x86_64-debian-clang, r-devel-linux-x86_64-fedora-clang, r-devel-linux-x86_64-fedora-gcc
Version: 0.0.1
Check: compiled code
Result: NOTE
File ‘minty/libs/minty.so’:
Found non-API calls to R: ‘SETLENGTH’, ‘SET_GROWABLE_BIT’,
‘SET_TRUELENGTH’
Compiled code should not call non-API entry points in R.
See ‘Writing portable packages’ in the ‘Writing R Extensions’ manual.
See section ‘Moving into C API compliance’ in the ‘Writing R
Extensions’ manual for issues with use of non-API entry points.
Flavor: r-devel-linux-x86_64-debian-gcc
Version: 0.0.1
Check: compiled code
Result: NOTE
File 'minty/libs/x64/minty.dll':
Found non-API calls to R: 'SETLENGTH', 'SET_GROWABLE_BIT',
'SET_TRUELENGTH'
Compiled code should not call non-API entry points in R.
See 'Writing portable packages' in the 'Writing R Extensions' manual.
See section 'Moving into C API compliance' in the 'Writing R
Extensions' manual for issues with use of non-API entry points.
Flavor: r-devel-windows-x86_64