Last updated on 2024-06-28 09:51:59 CEST.
Flavor | Version | Tinstall | Tcheck | Ttotal | Status | Flags |
---|---|---|---|---|---|---|
r-devel-linux-x86_64-debian-clang | 2.1.1 | OK | ||||
r-devel-linux-x86_64-debian-gcc | 2.1.1 | 126.46 | 425.95 | 552.41 | OK | |
r-devel-linux-x86_64-fedora-clang | 2.1.1 | 951.42 | OK | |||
r-devel-linux-x86_64-fedora-gcc | 2.1.1 | 1003.80 | OK | |||
r-devel-windows-x86_64 | 2.1.1 | 122.00 | 329.00 | 451.00 | OK | |
r-patched-linux-x86_64 | 2.1.1 | 142.36 | 491.84 | 634.20 | OK | |
r-release-linux-x86_64 | 2.1.1 | 106.85 | 511.85 | 618.70 | OK | |
r-release-macos-arm64 | 2.1.1 | 251.00 | NOTE | |||
r-release-macos-x86_64 | 2.1.1 | 422.00 | NOTE | |||
r-release-windows-x86_64 | 2.1.1 | 129.00 | 326.00 | 455.00 | OK | |
r-oldrel-macos-arm64 | 2.1.1 | 277.00 | NOTE | |||
r-oldrel-macos-x86_64 | 2.1.1 | 481.00 | NOTE | |||
r-oldrel-windows-x86_64 | 2.1.1 | 155.00 | 566.00 | 721.00 | OK |
Version: 2.1.1
Check: installed package size
Result: NOTE
installed size is 11.5Mb
sub-directories of 1Mb or more:
libs 10.6Mb
Flavors: r-release-macos-arm64, r-release-macos-x86_64, r-oldrel-macos-arm64, r-oldrel-macos-x86_64