Last updated on 2024-06-28 09:51:56 CEST.
Flavor | Version | Tinstall | Tcheck | Ttotal | Status | Flags |
---|---|---|---|---|---|---|
r-devel-linux-x86_64-debian-clang | 1.0.1 | NOTE | ||||
r-devel-linux-x86_64-debian-gcc | 1.0.1 | 8.32 | 68.09 | 76.41 | NOTE | |
r-devel-linux-x86_64-fedora-clang | 1.0.1 | 127.08 | NOTE | |||
r-devel-linux-x86_64-fedora-gcc | 1.0.1 | 129.36 | NOTE | |||
r-devel-windows-x86_64 | 1.0.1 | 11.00 | 133.00 | 144.00 | NOTE | |
r-patched-linux-x86_64 | 1.0.1 | 6.65 | 86.50 | 93.15 | NOTE | |
r-release-linux-x86_64 | 1.0.1 | 6.00 | 87.49 | 93.49 | NOTE | |
r-release-macos-arm64 | 1.0.1 | 59.00 | NOTE | |||
r-release-macos-x86_64 | 1.0.1 | 91.00 | NOTE | |||
r-release-windows-x86_64 | 1.0.1 | 11.00 | 131.00 | 142.00 | NOTE | |
r-oldrel-macos-arm64 | 1.0.1 | 58.00 | NOTE | |||
r-oldrel-macos-x86_64 | 1.0.1 | 116.00 | NOTE | |||
r-oldrel-windows-x86_64 | 1.0.1 | 13.00 | 169.00 | 182.00 | NOTE |
Version: 1.0.1
Check: package subdirectories
Result: NOTE
Problems with news in ‘NEWS.md’:
No news entries found.
Flavors: r-devel-linux-x86_64-debian-clang, r-devel-linux-x86_64-debian-gcc, r-devel-linux-x86_64-fedora-clang, r-devel-linux-x86_64-fedora-gcc, r-devel-windows-x86_64, r-patched-linux-x86_64, r-release-linux-x86_64, r-release-macos-arm64, r-release-macos-x86_64, r-release-windows-x86_64, r-oldrel-macos-arm64, r-oldrel-macos-x86_64, r-oldrel-windows-x86_64