Last updated on 2024-06-28 09:51:55 CEST.
Flavor | Version | Tinstall | Tcheck | Ttotal | Status | Flags |
---|---|---|---|---|---|---|
r-devel-linux-x86_64-debian-clang | 0.5.1 | NOTE | ||||
r-devel-linux-x86_64-debian-gcc | 0.5.1 | 19.92 | 119.83 | 139.75 | NOTE | |
r-devel-linux-x86_64-fedora-clang | 0.5.1 | 240.68 | NOTE | |||
r-devel-linux-x86_64-fedora-gcc | 0.5.1 | 249.86 | NOTE | |||
r-devel-windows-x86_64 | 0.5.1 | 23.00 | 137.00 | 160.00 | NOTE | |
r-patched-linux-x86_64 | 0.5.1 | 20.30 | 159.41 | 179.71 | NOTE | |
r-release-linux-x86_64 | 0.5.1 | 24.41 | 158.21 | 182.62 | NOTE | |
r-release-macos-arm64 | 0.5.1 | 66.00 | NOTE | |||
r-release-macos-x86_64 | 0.5.1 | 109.00 | NOTE | |||
r-release-windows-x86_64 | 0.5.1 | 23.00 | 136.00 | 159.00 | NOTE | |
r-oldrel-macos-arm64 | 0.5.1 | 70.00 | OK | |||
r-oldrel-macos-x86_64 | 0.5.1 | 129.00 | OK | |||
r-oldrel-windows-x86_64 | 0.5.1 | 29.00 | 163.00 | 192.00 | OK |
Version: 0.5.1
Check: Rd files
Result: NOTE
checkRd: (-1) calculate_cell_volume.Rd:16: Lost braces; missing escapes or markup?
16 | V A real number. The volume (in angstroms^3 or angstroms^{-3})
| ^
Flavors: r-devel-linux-x86_64-debian-clang, r-devel-linux-x86_64-debian-gcc, r-devel-linux-x86_64-fedora-clang, r-devel-linux-x86_64-fedora-gcc, r-devel-windows-x86_64, r-patched-linux-x86_64, r-release-linux-x86_64, r-release-macos-arm64, r-release-macos-x86_64, r-release-windows-x86_64