Last updated on 2024-06-28 09:51:54 CEST.
Flavor | Version | Tinstall | Tcheck | Ttotal | Status | Flags |
---|---|---|---|---|---|---|
r-devel-linux-x86_64-debian-clang | 0.8.0 | NOTE | ||||
r-devel-linux-x86_64-debian-gcc | 0.8.0 | 2.01 | 18.39 | 20.40 | NOTE | |
r-devel-linux-x86_64-fedora-clang | 0.8.0 | 33.43 | NOTE | |||
r-devel-linux-x86_64-fedora-gcc | 0.8.0 | 33.09 | NOTE | |||
r-devel-windows-x86_64 | 0.8.0 | 3.00 | 41.00 | 44.00 | NOTE | |
r-patched-linux-x86_64 | 0.8.0 | 2.75 | 22.64 | 25.39 | NOTE | |
r-release-linux-x86_64 | 0.8.0 | 2.59 | 23.19 | 25.78 | NOTE | |
r-release-macos-arm64 | 0.8.0 | 16.00 | NOTE | |||
r-release-macos-x86_64 | 0.8.0 | 21.00 | NOTE | |||
r-release-windows-x86_64 | 0.8.0 | 3.00 | 40.00 | 43.00 | NOTE | |
r-oldrel-macos-arm64 | 0.8.0 | 17.00 | OK | |||
r-oldrel-macos-x86_64 | 0.8.0 | 20.00 | OK | |||
r-oldrel-windows-x86_64 | 0.8.0 | 4.00 | 42.00 | 46.00 | OK |
Version: 0.8.0
Check: Rd files
Result: NOTE
checkRd: (-1) listCensusApis.Rd:10: Lost braces; missing escapes or markup?
10 | Scrapes {https://api.census.gov/data.json} and returns a dataframe
| ^
Flavors: r-devel-linux-x86_64-debian-clang, r-devel-linux-x86_64-debian-gcc, r-devel-linux-x86_64-fedora-clang, r-devel-linux-x86_64-fedora-gcc, r-devel-windows-x86_64, r-patched-linux-x86_64, r-release-linux-x86_64, r-release-macos-arm64, r-release-macos-x86_64, r-release-windows-x86_64