Last updated on 2024-06-28 09:51:52 CEST.
Flavor | Version | Tinstall | Tcheck | Ttotal | Status | Flags |
---|---|---|---|---|---|---|
r-devel-linux-x86_64-debian-clang | 0.5.0 | OK | ||||
r-devel-linux-x86_64-debian-gcc | 0.5.0 | 74.72 | 52.78 | 127.50 | OK | |
r-devel-linux-x86_64-fedora-clang | 0.5.0 | 243.09 | OK | |||
r-devel-linux-x86_64-fedora-gcc | 0.5.0 | 262.98 | OK | |||
r-devel-windows-x86_64 | 0.5.0 | 82.00 | 100.00 | 182.00 | OK | |
r-patched-linux-x86_64 | 0.5.0 | 93.70 | 65.88 | 159.58 | OK | |
r-release-linux-x86_64 | 0.5.0 | 94.83 | 67.16 | 161.99 | OK | |
r-release-macos-arm64 | 0.5.0 | 57.00 | NOTE | |||
r-release-macos-x86_64 | 0.5.0 | 76.00 | NOTE | |||
r-release-windows-x86_64 | 0.5.0 | 81.00 | 99.00 | 180.00 | OK | |
r-oldrel-macos-arm64 | 0.5.0 | 74.00 | NOTE | |||
r-oldrel-macos-x86_64 | 0.5.0 | 163.00 | NOTE | |||
r-oldrel-windows-x86_64 | 0.5.0 | 99.00 | 121.00 | 220.00 | OK |
Version: 0.5.0
Check: installed package size
Result: NOTE
installed size is 12.2Mb
sub-directories of 1Mb or more:
libs 11.6Mb
Flavors: r-release-macos-arm64, r-release-macos-x86_64, r-oldrel-macos-arm64, r-oldrel-macos-x86_64