Last updated on 2024-06-28 09:51:52 CEST.
Flavor | Version | Tinstall | Tcheck | Ttotal | Status | Flags |
---|---|---|---|---|---|---|
r-devel-linux-x86_64-debian-clang | 0.1.3 | NOTE | ||||
r-devel-linux-x86_64-debian-gcc | 0.1.3 | 23.82 | 59.35 | 83.17 | NOTE | |
r-devel-linux-x86_64-fedora-clang | 0.1.3 | 157.27 | NOTE | |||
r-devel-linux-x86_64-fedora-gcc | 0.1.3 | 161.08 | NOTE | |||
r-devel-windows-x86_64 | 0.1.3 | 31.00 | 104.00 | 135.00 | NOTE | |
r-patched-linux-x86_64 | 0.1.3 | 22.65 | 75.56 | 98.21 | NOTE | |
r-release-linux-x86_64 | 0.1.3 | 22.42 | 76.55 | 98.97 | NOTE | |
r-release-macos-arm64 | 0.1.3 | 48.00 | NOTE | |||
r-release-macos-x86_64 | 0.1.3 | 65.00 | NOTE | |||
r-release-windows-x86_64 | 0.1.3 | 31.00 | 103.00 | 134.00 | NOTE | |
r-oldrel-macos-arm64 | 0.1.3 | 53.00 | OK | |||
r-oldrel-macos-x86_64 | 0.1.3 | 82.00 | OK | |||
r-oldrel-windows-x86_64 | 0.1.3 | 37.00 | 117.00 | 154.00 | OK |
Version: 0.1.3
Check: Rd files
Result: NOTE
checkRd: (-1) avar_mo_cpp.Rd:15: Lost braces in \itemize; \value handles \item{}{} directly
checkRd: (-1) avar_mo_cpp.Rd:16: Lost braces in \itemize; \value handles \item{}{} directly
checkRd: (-1) avar_mo_cpp.Rd:17: Lost braces in \itemize; \value handles \item{}{} directly
checkRd: (-1) avar_to_cpp.Rd:15: Lost braces in \itemize; \value handles \item{}{} directly
checkRd: (-1) avar_to_cpp.Rd:16: Lost braces in \itemize; \value handles \item{}{} directly
checkRd: (-1) avar_to_cpp.Rd:17: Lost braces in \itemize; \value handles \item{}{} directly
Flavors: r-devel-linux-x86_64-debian-clang, r-devel-linux-x86_64-debian-gcc, r-devel-linux-x86_64-fedora-clang, r-devel-linux-x86_64-fedora-gcc, r-devel-windows-x86_64, r-patched-linux-x86_64, r-release-linux-x86_64, r-release-macos-arm64, r-release-macos-x86_64, r-release-windows-x86_64