Last updated on 2024-06-28 09:51:52 CEST.
Flavor | Version | Tinstall | Tcheck | Ttotal | Status | Flags |
---|---|---|---|---|---|---|
r-devel-linux-x86_64-debian-clang | 0.3-3 | NOTE | ||||
r-devel-linux-x86_64-debian-gcc | 0.3-3 | 61.83 | 157.11 | 218.94 | NOTE | |
r-devel-linux-x86_64-fedora-clang | 0.3-3 | 393.93 | NOTE | |||
r-devel-linux-x86_64-fedora-gcc | 0.3-3 | 402.84 | NOTE | |||
r-devel-windows-x86_64 | 0.3-3 | 66.00 | 182.00 | 248.00 | NOTE | |
r-patched-linux-x86_64 | 0.3-3 | 76.93 | 206.62 | 283.55 | NOTE | |
r-release-linux-x86_64 | 0.3-3 | 76.53 | 209.38 | 285.91 | NOTE | |
r-release-macos-arm64 | 0.3-3 | 94.00 | NOTE | |||
r-release-macos-x86_64 | 0.3-3 | 142.00 | NOTE | |||
r-release-windows-x86_64 | 0.3-3 | 64.00 | 183.00 | 247.00 | NOTE | |
r-oldrel-macos-arm64 | 0.3-3 | 127.00 | OK | |||
r-oldrel-macos-x86_64 | 0.3-3 | 190.00 | OK | |||
r-oldrel-windows-x86_64 | 0.3-3 | 79.00 | 237.00 | 316.00 | OK |
Version: 0.3-3
Check: Rd files
Result: NOTE
checkRd: (-1) aphylo-class.Rd:28: Lost braces; missing escapes or markup?
28 | \item{tip.type, node.type}{Integer vectors with values {0,1}. 0 denotes duplication node and 1 speciation node. This is used in \link{LogLike}.}
| ^
checkRd: (-1) raphylo.Rd:33: Lost braces; missing escapes or markup?
33 | \item{tip.type, node.type}{Integer vectors with values {0,1}. 0 denotes duplication node and 1 speciation node. This is used in \link{LogLike}.}
| ^
checkRd: (-1) sim_fun_on_tree.Rd:24: Lost braces; missing escapes or markup?
24 | \item{tip.type, node.type}{Integer vectors with values {0,1}. 0 denotes duplication node and 1 speciation node. This is used in \link{LogLike}.}
| ^
Flavors: r-devel-linux-x86_64-debian-clang, r-devel-linux-x86_64-debian-gcc, r-devel-linux-x86_64-fedora-clang, r-devel-linux-x86_64-fedora-gcc, r-devel-windows-x86_64, r-patched-linux-x86_64, r-release-linux-x86_64, r-release-macos-arm64, r-release-macos-x86_64, r-release-windows-x86_64
Version: 0.3-3
Check: HTML version of manual
Result: NOTE
Found the following HTML validation problems:
mislabel.html:25:1 (mislabel.Rd:20): Warning: trimming empty <p>
raphylo.html:25:1 (raphylo.Rd:57): Warning: trimming empty <p>
sim_fun_on_tree.html:25:1 (sim_fun_on_tree.Rd:50): Warning: trimming empty <p>
Flavors: r-devel-linux-x86_64-debian-clang, r-devel-linux-x86_64-debian-gcc, r-devel-linux-x86_64-fedora-clang, r-devel-linux-x86_64-fedora-gcc, r-devel-windows-x86_64, r-patched-linux-x86_64, r-release-linux-x86_64, r-release-windows-x86_64