Last updated on 2024-06-28 09:51:52 CEST.
Flavor | Version | Tinstall | Tcheck | Ttotal | Status | Flags |
---|---|---|---|---|---|---|
r-devel-linux-x86_64-debian-clang | 1.1.0 | OK | ||||
r-devel-linux-x86_64-debian-gcc | 1.1.0 | 9.01 | 70.73 | 79.74 | OK | |
r-devel-linux-x86_64-fedora-clang | 1.1.0 | 132.88 | OK | |||
r-devel-linux-x86_64-fedora-gcc | 1.1.0 | 153.66 | OK | |||
r-devel-windows-x86_64 | 1.1.0 | 11.00 | 91.00 | 102.00 | OK | |
r-patched-linux-x86_64 | 1.1.0 | 9.09 | 86.32 | 95.41 | NOTE | |
r-release-linux-x86_64 | 1.1.0 | 7.01 | 89.50 | 96.51 | NOTE | |
r-release-macos-arm64 | 1.1.0 | 56.00 | NOTE | |||
r-release-macos-x86_64 | 1.1.0 | 133.00 | NOTE | |||
r-release-windows-x86_64 | 1.1.0 | 12.00 | 88.00 | 100.00 | NOTE | |
r-oldrel-macos-arm64 | 1.1.0 | 9.00 | ERROR | |||
r-oldrel-macos-x86_64 | 1.1.0 | 11.00 | ERROR | |||
r-oldrel-windows-x86_64 | 1.1.0 | 17.00 | 105.00 | 122.00 | NOTE |
Version: 1.1.0
Check: DESCRIPTION meta-information
Result: NOTE
Packages listed in more than one of Depends, Imports, Suggests, Enhances:
‘lintr’ ‘pharmaversesdtm’ ‘pkgdown’ ‘testthat’
A package should be listed in only one of these fields.
Flavors: r-patched-linux-x86_64, r-release-linux-x86_64, r-release-macos-arm64, r-release-macos-x86_64, r-release-windows-x86_64, r-oldrel-windows-x86_64
Version: 1.1.0
Check: package dependencies
Result: ERROR
Package required and available but unsuitable version: ‘admiral’
See section ‘The DESCRIPTION file’ in the ‘Writing R Extensions’
manual.
Flavors: r-oldrel-macos-arm64, r-oldrel-macos-x86_64