Last updated on 2024-06-28 09:52:09 CEST.
Flavor | Version | Tinstall | Tcheck | Ttotal | Status | Flags |
---|---|---|---|---|---|---|
r-devel-linux-x86_64-debian-clang | 1.1.0 | OK | ||||
r-devel-linux-x86_64-debian-gcc | 1.1.0 | 12.26 | 115.06 | 127.32 | OK | |
r-devel-linux-x86_64-fedora-clang | 1.1.0 | 215.28 | NOTE | |||
r-devel-linux-x86_64-fedora-gcc | 1.1.0 | 217.89 | NOTE | |||
r-devel-windows-x86_64 | 1.1.0 | 15.00 | 129.00 | 144.00 | OK | |
r-patched-linux-x86_64 | 1.1.0 | 15.50 | 149.39 | 164.89 | OK | |
r-release-linux-x86_64 | 1.1.0 | 10.08 | 146.45 | 156.53 | OK | |
r-release-macos-arm64 | 1.1.0 | 71.00 | OK | |||
r-release-macos-x86_64 | 1.1.0 | 100.00 | OK | |||
r-release-windows-x86_64 | 1.1.0 | 15.00 | 129.00 | 144.00 | OK | |
r-oldrel-macos-arm64 | 1.1.0 | 75.00 | OK | |||
r-oldrel-macos-x86_64 | 1.1.0 | 150.00 | OK | |||
r-oldrel-windows-x86_64 | 1.1.0 | 19.00 | 161.00 | 180.00 | OK |
Version: 1.1.0
Check: data for non-ASCII characters
Result: NOTE
Note: found 7 marked UTF-8 strings
Flavors: r-devel-linux-x86_64-fedora-clang, r-devel-linux-x86_64-fedora-gcc