Last updated on 2024-06-28 09:52:09 CEST.
Flavor | Version | Tinstall | Tcheck | Ttotal | Status | Flags |
---|---|---|---|---|---|---|
r-devel-linux-x86_64-debian-clang | 0.0.1 | OK | ||||
r-devel-linux-x86_64-debian-gcc | 0.0.1 | 3.38 | 45.02 | 48.40 | OK | |
r-devel-linux-x86_64-fedora-clang | 0.0.1 | 78.90 | NOTE | |||
r-devel-linux-x86_64-fedora-gcc | 0.0.1 | 89.56 | NOTE | |||
r-devel-windows-x86_64 | 0.0.1 | 5.00 | 61.00 | 66.00 | OK | |
r-patched-linux-x86_64 | 0.0.1 | 3.15 | 57.47 | 60.62 | OK | |
r-release-linux-x86_64 | 0.0.1 | 2.74 | 58.62 | 61.36 | OK | |
r-release-macos-arm64 | 0.0.1 | 33.00 | OK | |||
r-release-macos-x86_64 | 0.0.1 | 78.00 | OK | |||
r-release-windows-x86_64 | 0.0.1 | 6.00 | 63.00 | 69.00 | OK | |
r-oldrel-macos-arm64 | 0.0.1 | 33.00 | OK | |||
r-oldrel-macos-x86_64 | 0.0.1 | 56.00 | OK | |||
r-oldrel-windows-x86_64 | 0.0.1 | 6.00 | 75.00 | 81.00 | OK |
Version: 0.0.1
Check: dependencies in R code
Result: NOTE
Namespace in Imports field not imported from: ‘quadprog’
All declared Imports should be used.
Flavors: r-devel-linux-x86_64-fedora-clang, r-devel-linux-x86_64-fedora-gcc