Last updated on 2024-06-28 09:51:58 CEST.
Flavor | Version | Tinstall | Tcheck | Ttotal | Status | Flags |
---|---|---|---|---|---|---|
r-devel-linux-x86_64-debian-clang | 1.0.2 | OK | ||||
r-devel-linux-x86_64-debian-gcc | 1.0.2 | 15.76 | 88.14 | 103.90 | OK | |
r-devel-linux-x86_64-fedora-clang | 1.0.2 | 170.72 | NOTE | |||
r-devel-linux-x86_64-fedora-gcc | 1.0.2 | 175.05 | OK | |||
r-devel-windows-x86_64 | 1.0.2 | 19.00 | 115.00 | 134.00 | OK | |
r-patched-linux-x86_64 | 1.0.2 | 20.83 | 113.30 | 134.13 | OK | |
r-release-linux-x86_64 | 1.0.2 | 16.55 | 111.73 | 128.28 | OK | |
r-release-macos-arm64 | 1.0.2 | 54.00 | OK | |||
r-release-macos-x86_64 | 1.0.2 | 87.00 | OK | |||
r-release-windows-x86_64 | 1.0.2 | 20.00 | 114.00 | 134.00 | OK | |
r-oldrel-macos-arm64 | 1.0.2 | 60.00 | OK | |||
r-oldrel-macos-x86_64 | 1.0.2 | 157.00 | OK | |||
r-oldrel-windows-x86_64 | 1.0.2 | 22.00 | 143.00 | 165.00 | OK |
Version: 1.0.2
Check: Rd cross-references
Result: NOTE
Undeclared package ‘speedglm’ in Rd xrefs
Flavor: r-devel-linux-x86_64-fedora-clang