Last updated on 2024-06-28 09:51:58 CEST.
Flavor | Version | Tinstall | Tcheck | Ttotal | Status | Flags |
---|---|---|---|---|---|---|
r-devel-linux-x86_64-debian-clang | 1.2.7 | OK | ||||
r-devel-linux-x86_64-debian-gcc | 1.2.7 | 170.59 | 301.99 | 472.58 | OK | |
r-devel-linux-x86_64-fedora-clang | 1.2.7 | 797.67 | NOTE | |||
r-devel-linux-x86_64-fedora-gcc | 1.2.7 | 807.36 | OK | |||
r-devel-windows-x86_64 | 1.2.7 | 175.00 | 318.00 | 493.00 | NOTE | |
r-patched-linux-x86_64 | 1.2.7 | 124.26 | 393.78 | 518.04 | OK | |
r-release-linux-x86_64 | 1.2.7 | 121.73 | 393.88 | 515.61 | OK | |
r-release-macos-arm64 | 1.2.7 | 243.00 | NOTE | |||
r-release-macos-x86_64 | 1.2.7 | 363.00 | NOTE | |||
r-release-windows-x86_64 | 1.2.7 | 173.00 | 323.00 | 496.00 | NOTE | |
r-oldrel-macos-arm64 | 1.2.7 | 229.00 | NOTE | |||
r-oldrel-macos-x86_64 | 1.2.7 | 579.00 | NOTE | |||
r-oldrel-windows-x86_64 | 1.2.7 | 236.00 | 413.00 | 649.00 | NOTE |
Version: 1.2.7
Check: installed package size
Result: NOTE
installed size is 6.3Mb
sub-directories of 1Mb or more:
R 5.7Mb
Flavors: r-devel-linux-x86_64-fedora-clang, r-devel-windows-x86_64, r-release-macos-arm64, r-release-macos-x86_64, r-release-windows-x86_64, r-oldrel-macos-arm64, r-oldrel-macos-x86_64, r-oldrel-windows-x86_64