Last updated on 2024-06-28 09:51:52 CEST.
Flavor | Version | Tinstall | Tcheck | Ttotal | Status | Flags |
---|---|---|---|---|---|---|
r-devel-linux-x86_64-debian-clang | 0.2.0 | NOTE | ||||
r-devel-linux-x86_64-debian-gcc | 0.2.0 | 4.99 | 96.53 | 101.52 | NOTE | |
r-devel-linux-x86_64-fedora-clang | 0.2.0 | 166.17 | NOTE | |||
r-devel-linux-x86_64-fedora-gcc | 0.2.0 | 191.62 | NOTE | |||
r-devel-windows-x86_64 | 0.2.0 | 6.00 | 112.00 | 118.00 | NOTE | |
r-patched-linux-x86_64 | 0.2.0 | 5.90 | 129.05 | 134.95 | NOTE | |
r-release-linux-x86_64 | 0.2.0 | 6.92 | 124.77 | 131.69 | NOTE | |
r-release-macos-arm64 | 0.2.0 | 53.00 | NOTE | |||
r-release-macos-x86_64 | 0.2.0 | 86.00 | NOTE | |||
r-release-windows-x86_64 | 0.2.0 | 6.00 | 109.00 | 115.00 | NOTE | |
r-oldrel-macos-arm64 | 0.2.0 | 52.00 | NOTE | |||
r-oldrel-macos-x86_64 | 0.2.0 | 100.00 | NOTE | |||
r-oldrel-windows-x86_64 | 0.2.0 | 7.00 | 134.00 | 141.00 | NOTE |
Version: 0.2.0
Check: LazyData
Result: NOTE
'LazyData' is specified without a 'data' directory
Flavors: r-devel-linux-x86_64-debian-clang, r-devel-linux-x86_64-debian-gcc, r-devel-linux-x86_64-fedora-clang, r-devel-linux-x86_64-fedora-gcc, r-devel-windows-x86_64, r-patched-linux-x86_64, r-release-linux-x86_64, r-release-macos-arm64, r-release-macos-x86_64, r-release-windows-x86_64, r-oldrel-macos-arm64, r-oldrel-macos-x86_64, r-oldrel-windows-x86_64